-m + 287. What is the units digit of d?
4
Suppose 0 = 3*k - 1 - 2. Let u(o) = 41*o**3 + o**2 - 1. Let s be u(k). Suppose -2*v = -3 - s. What is the tens digit of v?
2
Let s(k) = -801*k + 12. What is the units digit of s(-4)?
6
Let i be (8/(-4) - -8) + 3. Let s(w) = -10*w - w**2 + i + w**2 - 6*w**2 + w**3. What is the units digit of s(8)?
7
What is the thousands digit of 3680/(-120)*6*(-78)/4?
3
Suppose 7 = -3*b + 55. Let o = b + -16. Suppose 160 = 4*k + k - w, -k + 5*w + 8 = o. What is the tens digit of k?
3
Let k be 2/3 + (-1540)/(-12). Suppose 0 = -4*x + 5*i + k, -4*x = -2*x - 4*i - 60. What is the tens digit of x?
3
Suppose 3*g = -5*d + 44, 4*d - 5 = 3*g - 13. What is the units digit of g?
8
Suppose -3*n - 2*s = -64, 4*n + 0*s - 82 = -s. Suppose 0 = -k + n + 62. What is the units digit of k?
2
Let s(p) = 13 - p - 2*p + 6 + p. Let c be s(-8). Let w = c - 13. What is the tens digit of w?
2
Let a(l) be the second derivative of l**4/12 + 2*l**3/3 + 3*l**2 - 3*l. Let h be a(-5). Suppose -3*v + h = -13. What is the units digit of v?
8
Suppose 2*i - 3*r - 1414 = 0, 6*i + 2*r = 7*i - 708. What is the hundreds digit of i?
7
Let m(o) be the second derivative of -19*o**3/6 - 17*o**2 + 29*o. What is the units digit of m(-11)?
5
Suppose -8*m + 11*m + 6 = 0. Let c(v) = v**3 + 2*v**2 + 2*v + 1. Let x be c(m). What is the units digit of 9*(0 + (-2)/x)?
6
Suppose -4*y + 846 = 5*g - 3899, 0 = -g - 3. What is the units digit of y?
0
Let n = 2388 + -2057. What is the hundreds digit of n?
3
Let b(n) = 1. Let s(u) = 8*u + 6. Let r(p) = -b(p) + s(p). Let g be r(4). Let l = g + -7. What is the units digit of l?
0
Suppose 0 = 46*j - 29*j - 8823. What is the units digit of j?
9
Let g(p) = 11*p**3 - 14*p**2 + 2*p - 1. What is the tens digit of g(4)?
8
Suppose -2419 = 12*j - 14*j - 5*w, 2*j - 2437 = w. What is the units digit of j?
7
Suppose -v + 3*f - 21 = -4*v, 20 = 4*v + 2*f. Suppose 10 = v*h + 4. Suppose 0*q + 24 = 4*w + 4*q, -h*q + 45 = 5*w. What is the tens digit of w?
1
Let j(r) = r**3 - 9*r**2 + 10*r - 8. Let v be j(8). Suppose v*m = 3*m - 10. Let k(a) = -15*a - 1. What is the tens digit of k(m)?
2
Let p(d) = 4 + 1 - 2*d + 14. Suppose 0*j - 15 = j. What is the units digit of p(j)?
9
Let i be 7/((-28)/(-16)) + -1. Suppose -i*d = -345 - 243. What is the units digit of d?
6
Let v(i) = i**2 + 4*i + 47. What is the tens digit of v(-12)?
4
Suppose 2*o + 625 = 7*o. Let z(f) = 4*f. Let j be z(1). Suppose s + 2*s + r - o = 0, -s = j*r - 38. What is the units digit of s?
2
Suppose 0 = -3*y + p + 4172, 2800 + 2784 = 4*y + 4*p. What is the thousands digit of y?
1
Let o(f) = -6*f**3 - f**2 + f + 1. Let z be o(-1). Let j = 470 - 63. Suppose z*p + 137 = j. What is the units digit of p?
4
Let k be -3 - 1 - (-734 + -3 + 5). Suppose -2*i + k = 278. What is the units digit of i?
5
Suppose -44*u = -49*u + 14360. What is the units digit of u?
2
Suppose 0 = 9*k - 18083 - 7936. What is the thousands digit of k?
2
Suppose -5*d = -3*f - 4880, 32*f = 4*d + 29*f - 3904. What is the tens digit of d?
7
Let h(c) = c**2 + 4*c + 10. Suppose -63 = -6*r - r. What is the tens digit of h(r)?
2
Let d = -1342 + 727. Let b be (4/3)/((-10)/d). What is the units digit of (-3)/(-6) - b/(-4)?
1
Suppose 0 = -4*o - o - 20, -o - 4 = -3*u. Suppose u = 5*y - 0*y - 20, -2*p + 118 = -4*y. What is the units digit of p?
7
Suppose 0 = -3*u + 7*u - 12940. What is the hundreds digit of u?
2
Let w(m) = m**3 + 19*m**2 - 41*m + 21. What is the tens digit of w(-19)?
0
Suppose 13*f - 11495 = 49. Suppose -12*d + 972 = -f. What is the tens digit of d?
5
Suppose 44 = -4*c - 44. Suppose 10*z + 121 = -59. Let i = z - c. What is the units digit of i?
4
Let g(l) = -114*l - 126. What is the hundreds digit of g(-7)?
6
Let z(d) = -9*d - 6. Let o be z(-4). Let g be ((-36)/20)/3 - (-62)/(-5). Let p = g + o. What is the tens digit of p?
1
Let m(d) = -430*d + 169. What is the thousands digit of m(-3)?
1
Let q = -19 - -28. Suppose -2*n - n - 10 = -j, -2*j + 2*n + 12 = 0. Suppose j*f - 5*f = -q. What is the units digit of f?
9
Suppose 2*p = 0, n - 779 = -0*n - 5*p. What is the hundreds digit of n?
7
Suppose 111*b - 114*b = 3*d - 387, -5*b + 648 = 2*d. What is the tens digit of b?
3
Suppose 4*r + 4*b = 20, -3*r + 21 = -0*r - 3*b. Suppose 4*c = r*c - 90. Let i = c - 6. What is the tens digit of i?
3
Let d = 442 - 420. What is the tens digit of d?
2
Let n(v) = 3*v + 3. Let x be n(-3). Let q(w) = w**3 + 6*w**2 - 2*w - 9. What is the units digit of q(x)?
3
Let u = -298 + 403. What is the hundreds digit of u?
1
Suppose -961 + 18811 = 30*j. What is the hundreds digit of j?
5
Let x(f) = -f**3 + f**2 + 79*f + 234. What is the tens digit of x(-3)?
3
Suppose i + 8 = 3. What is the units digit of 36/10 - (-3)/i?
3
Let n be (-192 - (-1 + -3))*-1. Let m = 355 - n. What is the units digit of m?
7
Let x = -8 - -13. Suppose 5*o - 17 = -5*l + 3, x*o = -l + 4. Suppose 4*u - 36 = -o*u. What is the units digit of u?
9
Suppose -3*x = -16*x + 2652. Suppose -5*b - x = -1134. What is the hundreds digit of b?
1
Let s(i) = 2*i**2 + 3*i + 4. Let y be s(4). Let k = 68 + -95. Let x = k + y. What is the tens digit of x?
2
What is the hundreds digit of 14390/6 - (-14)/(-42)?
3
Let f(q) = 168*q - 48. What is the tens digit of f(3)?
5
Suppose -5*w - 15 = -45. Let i = 0 + w. Let g(x) = -x**3 + 7*x**2 - 2*x + 8. What is the units digit of g(i)?
2
Let c(i) = i**2 - 2*i + 1. Let w be c(3). Suppose 5*s + 2*r = s + 668, -w*s + 648 = -3*r. What is the units digit of s?
5
Let u(r) = -3*r + 7. Let s be u(3). Let w be s - (-8)/4 - -6. What is the units digit of 123/w*-1*-2?
1
Suppose -3*p = -6*p - 381. Let i = 248 + p. What is the tens digit of i?
2
Let f(y) = y**3 + 7*y**2 - y - 4. Let j be f(-7). Suppose -12 = -j*w + 7*w, -10 = 2*c + 4*w. Suppose 15 - c = 2*m. What is the units digit of m?
7
Suppose -2*p + 0*p = 0. Suppose -n + 2*n = p. Suppose -4*s + 3*i + 134 = n, 2*s = -2*s + i + 130. What is the units digit of s?
2
Suppose 0 = -m + 2*c + 19, -4*c + 10 = -6*c. Suppose -m = -d + 56. What is the units digit of d?
5
Suppose k - 917 = -c, 1813 + 2808 = 5*c - 4*k. What is the tens digit of c?
2
Suppose -2*o = 4*p - 74, -4*p - 5*o + o + 76 = 0. Let k = p + -16. Suppose -k*i - 60 = -7*i. What is the units digit of i?
2
What is the units digit of 3/((-12)/(-1336)) - -2?
6
Let v(l) be the second derivative of -1/6*l**3 + 3*l**2 + 8*l + 0. What is the tens digit of v(-4)?
1
Let c(g) = -g**2 + 7*g - 1. Let l be c(5). Let d(w) = -2*w - 1. Let s be d(-6). Suppose l*o - s*o = -96. What is the units digit of o?
8
Let o(f) = -620*f + 8. What is the units digit of o(-1)?
8
Let u be 810/25 - 2/5. Let h = 4 + u. What is the units digit of h?
6
Let d be 23/(-5) + (-30)/(-50). Let z be 15*((-16)/d)/(-4). What is the units digit of (-55)/z - 4/6?
3
Let j(o) = 4*o - 48. Let l be j(6). Suppose -4*w + 37 = 4*d - 115, -w + 2*d + 35 = 0. Let f = w + l. What is the tens digit of f?
1
Let l(o) = -o + o**3 - 3 - 4 + 3*o + o + 8*o**2. Suppose 0 = 3*w - 2*d + 13, w - 2*d - 1 = -0. What is the tens digit of l(w)?
2
What is the tens digit of 5 + 108 + (-5 - -11)?
1
Let v(f) = -149*f**3 + 5*f**2 + 14*f - 1. What is the thousands digit of v(-3)?
4
Let a be (-2)/(-4)*4/1. Let r be 23 - 0*(-1)/5. What is the units digit of r + (-3 + 3 - a)?
1
Let f(t) = t**3 + 3*t**2 - t - 1. Let v be f(-3). Suppose 2 = -w + v*n + 4, -2*w - n = -4. Suppose w*c - 6*c + 20 = 0. What is the units digit of c?
5
Let x(n) = -n**2 - 5*n. Let t be x(-5). Suppose -20 = -t*v - 2*v. Let r = -1 + v. What is the units digit of r?
9
Let z = 1258 - 683. What is the tens digit of z?
7
Suppose -89*j + 92*j = -4*o + 17296, 3*j = -12. What is the tens digit of o?
2
Let o(g) = 3*g + 3 - 1 + 20. Suppose -2*v - 2*p + 24 = 0, 5*v + 0*p = 3*p + 36. What is the units digit of o(v)?
9
Let q(a) = 5*a**2 + 11*a - 33. What is the thousands digit of q(19)?
1
What is the thousands digit of (-20)/(-15)*(-12024)/(-16)?
1
Let k(v) = -3*v**3 + 8*v**2 - 2. Let h(f) = -13*f**3 + 32*f**2 - 8. Let x(n) = -2*h(n) + 9*k(n). What is the tens digit of x(7)?
4
Let h be 6 + (3 - 1)/(-1 + -1). Suppose -v - j = -44, h*v - 220 = j - 2*j. What is the units digit of v?
4
Let n = -210 + 509. What is the units digit of n?
9
Let b = -29 - -33. Let i = 15 - b. What is the te